63984439 prime?
True
Is 35320303 a prime number?
True
Is 266620859 composite?
False
Is 4548199 composite?
False
Is 252089 prime?
False
Is 650030639 composite?
True
Is 119828201 a prime number?
True
Is 774793 prime?
False
Is 12025547 prime?
True
Is 4537493 composite?
False
Is 4584999 composite?
True
Is 3697843 prime?
True
Is 22103789 prime?
False
Is 3930559 composite?
False
Is 54491839 a prime number?
False
Is 4613803 composite?
False
Is 1996051 composite?
True
Is 142885933 composite?
True
Is 33160835 a prime number?
False
Is 243969041 a composite number?
False
Is 14276083 composite?
True
Is 1228783 prime?
True
Is 211007 a composite number?
False
Is 59675537 prime?
False
Is 4808591 composite?
True
Is 5983121 prime?
True
Is 3806423 prime?
True
Is 479989 a prime number?
False
Is 576631661 composite?
False
Is 52826323 prime?
False
Is 102630371 a prime number?
True
Is 793771 composite?
True
Is 8095457 prime?
False
Is 74561 composite?
False
Is 10237363 composite?
False
Is 5105263 composite?
True
Is 29639557 a prime number?
False
Is 8692737 prime?
False
Is 3650051 a prime number?
True
Is 228070298 a prime number?
False
Is 908489 prime?
True
Is 29790419 prime?
True
Is 372198031 composite?
True
Is 45537871 composite?
False
Is 11664113 a composite number?
True
Is 3613433 a composite number?
False
Is 9796603 composite?
False
Is 409694807 composite?
True
Is 108319339 composite?
True
Is 2293619 composite?
True
Is 796394119 prime?
True
Is 26034037 composite?
True
Is 6083479 a composite number?
False
Is 78162793 prime?
True
Is 2344417 prime?
True
Is 120846643 a prime number?
True
Is 79743857 a prime number?
True
Is 21751817 a prime number?
True
Is 12762391 composite?
False
Is 509487397 a composite number?
False
Is 188465 composite?
True
Is 105697847 composite?
True
Is 69871843 a prime number?
True
Is 198163243 composite?
False
Is 231457 a prime number?
False
Is 38331346 a composite number?
True
Is 48731 a composite number?
False
Is 191491 a composite number?
False
Is 5932561 a prime number?
True
Is 215499797 a composite number?
False
Is 26773753 a composite number?
False
Is 226045577 prime?
True
Is 971419 prime?
True
Is 13167613 a prime number?
True
Is 292638841 prime?
False
Is 25830122 a composite number?
True
Is 4945937 a prime number?
True
Is 217637755 a composite number?
True
Is 1579561 a prime number?
True
Is 40527281 composite?
False
Is 1459921 a prime number?
True
Is 1710427 a prime number?
False
Is 191207 a composite number?
True
Is 1325791279 composite?
False
Is 202368963 prime?
False
Is 8328149 a composite number?
True
Is 14130629 a prime number?
True
Is 32151101 composite?
False
Is 59035181 a composite number?
True
Is 47727989 composite?
True
Is 35276243 a prime number?
True
Is 8272597 prime?
True
Is 499260949 prime?
False
Is 224976355 composite?
True
Is 219209 a composite number?
True
Is 35461199 composite?
True
Is 12378389 prime?
False
Is 10927937 a prime number?
True
Is 44097 a prime number?
False
Is 154972633 composite?
False
Is 32787691 prime?
True
Is 1156686829 prime?
True
Is 136273051 composite?
False
Is 210657157 composite?
True
Is 7173323 a prime number?
False
Is 1145213 composite?
False
Is 221432219 composite?
False
Is 94658939 a composite number?
False
Is 77408491 composite?
True
Is 2511851 a prime number?
True
Is 4572143 prime?
False
Is 12831169 prime?
False
Is 331322549 prime?
True
Is 52151339 prime?
False
Is 917347 prime?
False
Is 5378921 a prime number?
True
Is 2231561 a prime number?
False
Is 92937293 a prime number?
False
Is 157616659 prime?
False
Is 53020783 composite?
False
Is 5210923 a composite number?
True
Is 11100341 composite?
True
Is 718813 prime?
True
Is 40489331 a prime number?
False
Is 1293601 a prime number?
False
Is 3486079 composite?
False
Is 128120827 a prime number?
True
Is 180218303 prime?
True
Is 966972883 a composite number?
False
Is 81021407 a composite number?
False
Is 217915589 prime?
True
Is 647977867 prime?
False
Is 476137 composite?
False
Is 57197593 a prime number?
True
Is 177163537 composite?
False
Is 18395789 composite?
True
Is 11449499 prime?
False
Is 32934641 a composite number?
True
Is 1549819 prime?
False
Is 502129 a prime number?
False
Is 203024057 a prime number?
False
Is 21399527 a prime number?
True
Is 22835231 prime?
True
Is 94861931 a prime number?
True
Is 3748813 prime?
True
Is 3418511 composite?
False
Is 269519539 composite?
False
Is 5273431 composite?
True
Is 714029 a prime number?
True
Is 8218897 composite?
False
Is 196961 composite?
False
Is 3138029 prime?
True
Is 37017947 composite?
True
Is 2877659 composite?
False
Is 100960789 prime?
True
Is 3444703 composite?
True
Is 45289081 a composite number?
False
Is 5192663 prime?
False
Is 20783047 a prime number?
False
Is 28335413 composite?
True
Is 203851321 prime?
True
Is 68638 a composite number?
True
Is 9513463 a composite number?
True
Is 441121129 composite?
False
Is 14544259 a prime number?
False
Is 35963557 composite?
True
Is 15778689 a prime number?
False
Is 311867 a prime number?
True
Is 12888626 composite?
True
Is 102602561 composite?
True
Is 27168181 composite?
False
Is 137102957 composite?
False
Is 28653991 a composite number?
False
Is 786861035 composite?
True
Is 14752601 composite?
False
Is 83537 composite?
False
Is 24878053 prime?
True
Is 93408479 composite?
False
Is 475037 a prime number?
True
Is 1990757 prime?
False
Is 140389693 composite?
False
Is 35623921 composite?
False
Is 46677007 composite?
True
Is 169409 a prime number?
True
Is 5148133 a composite number?
True
Is 16589737 composite?
False
Is 3992519 prime?
True
Is 8816347 prime?
True
Is 4662037 prime?
False
Is 93202819 a prime number?
True
Is 40238855 a prime number?
False
Is 4216393 a composite number?
False
Is 613334027 composite?
False
Is 8922973 prime?
False
Is 211966441 composite?
False
Is 11212087 a prime number?
False
Is 3910721 a prime number?
False
Is 786762367 prime?
False
Is 22082497 a prime number?
True
Is 304928777 a composite number?
True
Is 8100619 a prime number?
False
Is 1409773 a composite number?
False
Is 219969931 a composite number?
True
Is 48123157 a prime number?
True
Is 6073399 prime?
True
Is 188753083 prime?
False
Is 52596749 composite?
True
Is 2811491 a composite number?
True
Is 319663 prime?
False
Is 14589193 a prime number?
True
Is 180178103 composite?
True
Is 458758757 composite?
False
Is 10824259 prime?
False
Is 8531141 composite?
False
Is 3841 composite?
True
Is 43485271 prime?
True
Is 1791677 composite?
True
Is 67290559 a prime number?
False
Is 128160607 prime?
True
Is 4149953 a prime number?
False
Is 131135 a composite number?
True
Is 433229 composite?
False
Is 8700845 a composite number?
True
Is 2400767 composite?
False
Is 379507 prime?
False
Is 5500277 a prime number?
True
Is 6768557 prime?
True
Is 81605521 a composite number?
False
Is 17732713 prime?
False
Is 16062367 composite?
False
Is 632647 a prime number?
True
Is 3468327 a composite number?
True
Is 3121891 a composite number?
False
Is 178343363 composite?
True
Is 9225023 composite?
False
Is 313959973 a prime number?
True
Is 8565781 composite?
True
Is 332332943 composite?
False
Is 7508009 composite?
False
Is 20687703 a prime number?
False
Is 366446897 prime?
False
Is 186362521 a composite number?
True
Is 95942621 a composite number?
False
Is 93629209 prime?
True
Is 143893 a prime number?
False
Is 5642969 a prime number?
True
Is 302766811 composite?
False
Is 468518117 composite?
False
Is 53500537 prime?
False
Is 204727741 a composite number?
False
Is 1689703 prime?
True
Is 94100317 a composite number?
False
Is 43456786 a prime number?
False
Is 4998073 a composite number?
False
Is 92024441 a composite number?
True
Is 31316039 a composite number?
False
Is 6275427 a prime number?
False
Is 65623381 a prime number?
False
Is 360035539 composite?
True
Is 729019 prime?
True
Is 2320759 prime?
False
Is 37649797 a prime number?
True
Is 8154647 a composite number?
False
Is 87414805 prime?
False
Is 5103671 prime?
True
Is 26729431 prime?
True
Is 87497889 a composite number?
True
Is 47160161 composite?
True
Is 6745139 prime?
False
Is 13094819 a prime number?
False
Is 47620471 a composite number?
False
Is 7005589 prime?
False
Is 4772995 composite?
True
Is 5548271 composite?
True
Is 3592713 compo